{"id":1396,"date":"2023-04-01T19:33:22","date_gmt":"2023-04-01T19:33:22","guid":{"rendered":"https:\/\/salud.campeche.gob.mx\/?page_id=1396"},"modified":"2023-04-04T21:06:53","modified_gmt":"2023-04-04T21:06:53","slug":"servicio-social-en-medicina","status":"publish","type":"page","link":"https:\/\/salud.campeche.gob.mx\/?page_id=1396","title":{"rendered":"Servicio Social en Medicina"},"content":{"rendered":"<p>[et_pb_section fb_built=\u00bb1&#8243; _builder_version=\u00bb4.5.0&#8243; _module_preset=\u00bbdefault\u00bb background_color=\u00bb#91293a\u00bb background_image=\u00bbhttps:\/\/salud.campeche.gob.mx\/wp-content\/uploads\/2022\/12\/fondorojo-1.jpg\u00bb width=\u00bb100%\u00bb max_width=\u00bb100%\u00bb min_height=\u00bb20%\u00bb height=\u00bb18%\u00bb max_height=\u00bb20%\u00bb custom_margin=\u00bb||0px||false|false\u00bb custom_padding=\u00bb||0px|||\u00bb][et_pb_row _builder_version=\u00bb4.5.0&#8243; _module_preset=\u00bbdefault\u00bb max_width=\u00bb100%\u00bb][et_pb_column type=\u00bb4_4&#8243; _builder_version=\u00bb4.5.0&#8243; _module_preset=\u00bbdefault\u00bb][et_pb_blurb title=\u00bbServicio Social en Medicina\u00bb image=\u00bbhttps:\/\/salud.campeche.gob.mx\/wp-content\/uploads\/2023\/03\/CALIDAD-BLANCOICONO.png\u00bb image_max_width=\u00bb3em\u00bb content_max_width=\u00bb21em\u00bb font_icon_tablet=\u00bb\u00bb font_icon_phone=\u00bb\u00bb font_icon_last_edited=\u00bbon|desktop\u00bb _builder_version=\u00bb4.5.0&#8243; _module_preset=\u00bbdefault\u00bb header_font=\u00bb|700|||||||\u00bb header_text_align=\u00bbcenter\u00bb header_font_size=\u00bb2em\u00bb header_line_height=\u00bb2em\u00bb body_text_align=\u00bbcenter\u00bb body_text_color=\u00bbrgba(0,0,0,0)\u00bb body_font_size=\u00bb1.5em\u00bb body_line_height=\u00bb1.8em\u00bb text_orientation=\u00bbcenter\u00bb width=\u00bb100%\u00bb module_alignment=\u00bbright\u00bb min_height=\u00bb170.6px\u00bb custom_padding=\u00bb0px|||||\u00bb hover_enabled=\u00bb0&#8243; font_icon__hover_enabled=\u00bbon|desktop\u00bb header_text_color=\u00bb#ffffff\u00bb][\/et_pb_blurb][\/et_pb_column][\/et_pb_row][\/et_pb_section][et_pb_section fb_built=\u00bb1&#8243; _builder_version=\u00bb4.5.0&#8243; _module_preset=\u00bbdefault\u00bb custom_margin=\u00bb||4%||false|false\u00bb custom_padding=\u00bb0px||0px|18px|false|false\u00bb][et_pb_row _builder_version=\u00bb4.5.0&#8243; _module_preset=\u00bbdefault\u00bb max_width=\u00bb80%\u00bb min_height=\u00bb100%\u00bb custom_margin=\u00bb|auto|auto|auto|false|false\u00bb custom_padding=\u00bb||2px||false|false\u00bb][et_pb_column type=\u00bb4_4&#8243; _builder_version=\u00bb4.5.0&#8243; _module_preset=\u00bbdefault\u00bb][et_pb_blurb title=\u00bb\u00bfQu\u00e9 es el Servicio Social?\u00bb content_max_width=\u00bb100%\u00bb _builder_version=\u00bb4.5.0&#8243; _module_preset=\u00bbdefault\u00bb header_font=\u00bb|700|||||||\u00bb header_text_align=\u00bbleft\u00bb header_text_color=\u00bb#9F2241&#8243; header_font_size=\u00bb2em\u00bb body_text_align=\u00bbleft\u00bb custom_margin=\u00bb||auto||false|false\u00bb custom_padding=\u00bb9px|||||\u00bb][\/et_pb_blurb][et_pb_text _builder_version=\u00bb4.5.0&#8243; _module_preset=\u00bbdefault\u00bb text_text_color=\u00bb#000000&#8243; text_font_size=\u00bb1em\u00bb text_orientation=\u00bbjustified\u00bb custom_margin=\u00bb||auto||false|false\u00bb custom_padding=\u00bb||1em||false|false\u00bb]<\/p>\n<p>El Servicio Social es el conjunto de actividades te\u00f3ricas pr\u00e1cticas de car\u00e1cter temporal y obligatorio que contribuye a la formaci\u00f3n integral del estudiante y que le permiten, al aplicar sus conocimientos, destrezas y aptitudes, comprender la funci\u00f3n social de su perfil acad\u00e9mico, realizando actividades educativas, de investigaci\u00f3n, de asistencia, de difusi\u00f3n en beneficio de la sociedad.<\/p>\n<p>Los estudiantes de las profesiones para la salud podr\u00e1n realizar su servicio social, solamente cuando tengan la calidad de pasantes.<\/p>\n<p>Para los efectos se considera como pasante de las profesiones para la salud, alumno que conforme a los planes de estudio de la instituci\u00f3n de educaci\u00f3n superior, haya cubierto los cr\u00e9ditos acad\u00e9micos exigidos por la misma y cuente con la carta de pasante correspondiente.<\/p>\n<p>[\/et_pb_text][et_pb_divider divider_weight=\u00bb0.2em\u00bb _builder_version=\u00bb4.5.0&#8243; _module_preset=\u00bbdefault\u00bb max_width=\u00bb100%\u00bb module_alignment=\u00bbcenter\u00bb custom_margin=\u00bb||0%||false|false\u00bb][\/et_pb_divider][et_pb_blurb title=\u00bbEl Servicio Social de Medicina tiene por objeto:\u00bb content_max_width=\u00bb100%\u00bb _builder_version=\u00bb4.5.0&#8243; _module_preset=\u00bbdefault\u00bb header_font=\u00bb|700|||||||\u00bb header_text_align=\u00bbleft\u00bb header_text_color=\u00bb#9F2241&#8243; header_font_size=\u00bb2em\u00bb body_text_align=\u00bbleft\u00bb custom_margin=\u00bb||-1px|||\u00bb][\/et_pb_blurb][et_pb_text _builder_version=\u00bb4.5.0&#8243; _module_preset=\u00bbdefault\u00bb text_text_color=\u00bb#000000&#8243; text_font_size=\u00bb1em\u00bb text_orientation=\u00bbjustified\u00bb custom_margin=\u00bb||auto||false|false\u00bb custom_padding=\u00bb||0px||false|false\u00bb]<\/p>\n<p><strong>Prop\u00f3sitos del Servicio Social de Enfermer\u00eda<\/strong><\/p>\n<ul>\n<li>Contribuir a la salud de la poblaci\u00f3n del pa\u00eds mediante acciones de prevenci\u00f3n, promoci\u00f3n, curaci\u00f3n, investigaci\u00f3n, docencia y \/o rehabilitaci\u00f3n.<\/li>\n<li>Colaborar al desarrollo de comunidades especialmente rurales o urbanas marginadas.<\/li>\n<li>Favorecer la superaci\u00f3n acad\u00e9mica y pr\u00e1ctica de los estudiantes y profesionistas en el \u00e1rea de la salud.<\/li>\n<li>Servir de apoyo a las Instituciones de Educaci\u00f3n Superior para la evaluaci\u00f3n de la educaci\u00f3n que imparten;<\/li>\n<\/ul>\n<p><strong>Los periodos de servicio social comprenden:<\/strong><\/p>\n<ul>\n<li>Doce meses, iniciando los d\u00edas primeros de febrero y agosto de cada a\u00f1o.<\/li>\n<\/ul>\n<p><strong>Modalidad<\/strong><\/p>\n<ul>\n<li>En los Servicios Estatales de Salud la \u00fanica modalidad para realizaci\u00f3n del Servicio Social es de car\u00e1cter<\/li>\n<\/ul>\n<p><strong>Sedes:<\/strong><\/p>\n<p>El servicio Social de Medicina en los Servicios Estatales de Salud puede realizarse de car\u00e1cter exclusivo en las siguientes sedes:<\/p>\n<ul>\n<li><strong>Centros de Salud de Primer nivel de Atenci\u00f3n.<\/strong><\/li>\n<li><strong>Hospitales Comunitarios o Integrales.<\/strong><\/li>\n<li><strong>Centros Avanzados de Atenci\u00f3n Primaria en Salud (CAAPS).<\/strong><\/li>\n<li><strong>Unidades de Especialidades M\u00e9dicas (UNEMES).<\/strong><\/li>\n<\/ul>\n<p><strong>Duraci\u00f3n:<\/strong><\/p>\n<p>El servicio Social de Medicina contempla una duraci\u00f3n de 12 meses obligatorios en la unidad de adscripci\u00f3n.<\/p>\n<p>[\/et_pb_text][et_pb_divider divider_weight=\u00bb0.2em\u00bb _builder_version=\u00bb4.5.0&#8243; _module_preset=\u00bbdefault\u00bb max_width=\u00bb100%\u00bb module_alignment=\u00bbcenter\u00bb min_height=\u00bb12.8px\u00bb custom_margin=\u00bb11px||0%||false|false\u00bb custom_padding=\u00bb||4px|||\u00bb][\/et_pb_divider][et_pb_blurb title=\u00bbDocumentaci\u00f3n Requerida\u00bb content_max_width=\u00bb100%\u00bb _builder_version=\u00bb4.5.0&#8243; _module_preset=\u00bbdefault\u00bb header_font=\u00bb|700|||||||\u00bb header_text_align=\u00bbleft\u00bb header_text_color=\u00bb#9F2241&#8243; header_font_size=\u00bb2em\u00bb body_text_align=\u00bbleft\u00bb custom_margin=\u00bb||-1px|||\u00bb][\/et_pb_blurb][et_pb_text _builder_version=\u00bb4.5.0&#8243; _module_preset=\u00bbdefault\u00bb text_text_color=\u00bb#000000&#8243; text_font_size=\u00bb1em\u00bb text_orientation=\u00bbjustified\u00bb custom_margin=\u00bb||auto||false|false\u00bb custom_padding=\u00bb||0px||false|false\u00bb]<\/p>\n<ol>\n<li style=\"padding-left: 30px;\">Carta de Pasante. (1 copias legible).<\/li>\n<li style=\"padding-left: 30px;\">Historial Acad\u00e9mico. (1 copias legible).<\/li>\n<li style=\"padding-left: 30px;\">Acta de Nacimiento (2 copias legibles).<\/li>\n<li style=\"padding-left: 30px;\">CURP. (2 copias formato vigente).<\/li>\n<li style=\"padding-left: 30px;\">Constancia de Situaci\u00f3n Fiscal (2 copias formato vigente).<\/li>\n<li style=\"padding-left: 30px;\">INE. (2 copias legibles).<\/li>\n<li style=\"padding-left: 30px;\">Comprobante de Domicilio. (Recibo de luz vigente) (2 copias legibles).<\/li>\n<li style=\"padding-left: 30px;\">Certificado M\u00e9dico<\/li>\n<li style=\"padding-left: 30px;\">Fotograf\u00edas: 4 infantil (blanco y negro, vestimenta formal).<\/li>\n<li style=\"padding-left: 30px;\">Oficio de Presentaci\u00f3n de la Instituci\u00f3n Educativa. (2 copias legibles).<\/li>\n<li style=\"padding-left: 30px;\">Comprobante de alta en el Sistema de Informaci\u00f3n para la Administraci\u00f3n de Servicio Social de la Direcci\u00f3n General de Calidad y Educaci\u00f3n en Salud.<\/li>\n<\/ol>\n<p>[\/et_pb_text][et_pb_text _builder_version=\u00bb4.5.0&#8243; _module_preset=\u00bbdefault\u00bb text_text_color=\u00bb#000000&#8243; text_font_size=\u00bb1em\u00bb text_orientation=\u00bbjustified\u00bb custom_margin=\u00bb||auto||false|false\u00bb custom_padding=\u00bb||0px||false|false\u00bb]<\/p>\n<p><strong>Criterios de Liberaci\u00f3n Internado M\u00e9dico<\/strong><strong>.<\/strong><\/p>\n<ul>\n<li>Contar con constancia de no adeudo de inventarios y resguardos.<\/li>\n<li>Entrega de toda la documentaci\u00f3n administrativa generada al \u00faltimo d\u00eda del Servicio Social.<\/li>\n<li>Aprobaci\u00f3n del Programa Acad\u00e9mico de Medicina con asistencia al 100% de las actividades programadas.<\/li>\n<li>Haber Acreditado los Cursos EDUCADS o de Clima INSP programados por la Coordinaci\u00f3n de Pregrado y Servicio Social.<\/li>\n<li>Entrega de Diagn\u00f3stico de Salud Actualizado, y en el caso de pasantes en Hospitales Comunitarios, entrega de un \u201cProyecto de Mejora Continua\u201d.<\/li>\n<\/ul>\n<p>[\/et_pb_text][et_pb_text _builder_version=\u00bb4.5.0&#8243; _module_preset=\u00bbdefault\u00bb text_text_color=\u00bb#000000&#8243; text_font_size=\u00bb1em\u00bb text_orientation=\u00bbjustified\u00bb custom_margin=\u00bb||auto||false|false\u00bb custom_padding=\u00bb||0px||false|false\u00bb]<\/p>\n<p><strong>Otorgamiento de Campos Cl\u00ednicos.<\/strong><\/p>\n<p>El otorgamiento de Campos Cl\u00ednicos en los Servicios Estatales de Salud, se realiza de manera <strong>exclusiva <\/strong>a trav\u00e9s de las Facultades de Medicina del Estado, en el marco de un Evento P\u00fablico, que se rige bajo la modalidad de calificaciones, siendo el alumno con mayor promedio el primero en elegir sede y progresivamente cada alumno realiza la selecci\u00f3n correspondiente.<\/p>\n<p>De igual modo se efect\u00faa otorgamiento de hasta m\u00e1ximo dos plazas for\u00e1neas en el a\u00f1o bajo la modalidad de Carta de Instancia que emiten los Servicios Estatales de Salud de otros estados bajo solicitud de Instituciones Educativas Correspondientes.<\/p>\n<p>\u00a0Es importante se\u00f1alar que las solicitudes fuera de \u00e9stas modalidades, se consideran no procedentes en el otorgamiento de campos cl\u00ednicos.<\/p>\n<p>[\/et_pb_text][\/et_pb_column][\/et_pb_row][\/et_pb_section][et_pb_section fb_built=\u00bb1&#8243; _builder_version=\u00bb4.5.0&#8243; _module_preset=\u00bbdefault\u00bb custom_margin=\u00bb||4%||false|false\u00bb custom_padding=\u00bb0px||0px|18px|false|false\u00bb][et_pb_row column_structure=\u00bb1_4,1_4,1_4,1_4&#8243; _builder_version=\u00bb4.5.0&#8243; _module_preset=\u00bbdefault\u00bb width=\u00bb100%\u00bb max_width=\u00bb80%\u00bb min_height=\u00bb100%\u00bb custom_margin=\u00bb|auto|auto|auto|false|false\u00bb custom_padding=\u00bb18px||27px||false|false\u00bb locked=\u00bboff\u00bb][et_pb_column type=\u00bb1_4&#8243; _builder_version=\u00bb4.5.0&#8243; _module_preset=\u00bbdefault\u00bb][et_pb_button button_url=\u00bbhttps:\/\/drive.google.com\/drive\/folders\/1sSf-h2lxnQ-PbjiuARUDlQHRNTyv49Wq?usp=share_link\u00bb button_text=\u00bbProcedimientos y Requisitos\u00bb button_alignment=\u00bbcenter\u00bb _builder_version=\u00bb4.5.0&#8243; _module_preset=\u00bbdefault\u00bb custom_button=\u00bbon\u00bb button_text_size=\u00bb1.5em\u00bb button_text_color=\u00bb#BCA986&#8243; button_bg_color=\u00bb#691C32&#8243; button_border_radius=\u00bb2em\u00bb button_letter_spacing=\u00bb0em\u00bb box_shadow_style=\u00bbpreset2&#8243; box_shadow_vertical=\u00bb17px\u00bb box_shadow_blur=\u00bb17px\u00bb][\/et_pb_button][\/et_pb_column][et_pb_column type=\u00bb1_4&#8243; _builder_version=\u00bb4.5.0&#8243; _module_preset=\u00bbdefault\u00bb][et_pb_button button_url=\u00bbhttps:\/\/drive.google.com\/drive\/folders\/1sSf-h2lxnQ-PbjiuARUDlQHRNTyv49Wq?usp=share_link\u00bb button_text=\u00bbMarco Normativo\u00bb button_alignment=\u00bbcenter\u00bb _builder_version=\u00bb4.5.0&#8243; _module_preset=\u00bbdefault\u00bb custom_button=\u00bbon\u00bb button_text_size=\u00bb1.5em\u00bb button_text_color=\u00bb#BCA986&#8243; button_bg_color=\u00bb#691C32&#8243; button_border_radius=\u00bb2em\u00bb box_shadow_style=\u00bbpreset2&#8243; box_shadow_vertical=\u00bb17px\u00bb box_shadow_blur=\u00bb17px\u00bb][\/et_pb_button][\/et_pb_column][et_pb_column type=\u00bb1_4&#8243; _builder_version=\u00bb4.5.0&#8243; _module_preset=\u00bbdefault\u00bb][et_pb_button button_url=\u00bbhttps:\/\/drive.google.com\/drive\/folders\/1sSf-h2lxnQ-PbjiuARUDlQHRNTyv49Wq?usp=share_link\u00bb button_text=\u00bbReglamento Interno de Servicio Social\u00bb button_alignment=\u00bbcenter\u00bb _builder_version=\u00bb4.5.0&#8243; _module_preset=\u00bbdefault\u00bb custom_button=\u00bbon\u00bb button_text_size=\u00bb1.5em\u00bb button_text_color=\u00bb#BCA986&#8243; button_bg_color=\u00bb#691C32&#8243; button_border_radius=\u00bb2em\u00bb box_shadow_style=\u00bbpreset2&#8243; box_shadow_vertical=\u00bb17px\u00bb box_shadow_blur=\u00bb17px\u00bb][\/et_pb_button][\/et_pb_column][et_pb_column type=\u00bb1_4&#8243; _builder_version=\u00bb4.5.0&#8243; _module_preset=\u00bbdefault\u00bb][et_pb_button button_url=\u00bbhttps:\/\/drive.google.com\/drive\/folders\/1sSf-h2lxnQ-PbjiuARUDlQHRNTyv49Wq?usp=share_link\u00bb button_text=\u00bbProceso de Solicitud del No inconveniente\u00bb button_alignment=\u00bbcenter\u00bb _builder_version=\u00bb4.5.0&#8243; _module_preset=\u00bbdefault\u00bb custom_button=\u00bbon\u00bb button_text_size=\u00bb1.5em\u00bb button_text_color=\u00bb#BCA986&#8243; button_bg_color=\u00bb#691C32&#8243; button_border_radius=\u00bb2em\u00bb box_shadow_style=\u00bbpreset2&#8243; box_shadow_vertical=\u00bb17px\u00bb box_shadow_blur=\u00bb17px\u00bb][\/et_pb_button][\/et_pb_column][\/et_pb_row][\/et_pb_section]<\/p>\n","protected":false},"excerpt":{"rendered":"<p>[et_pb_section fb_built=\u00bb1&#8243; _builder_version=\u00bb4.5.0&#8243; _module_preset=\u00bbdefault\u00bb background_color=\u00bb#91293a\u00bb background_image=\u00bbhttps:\/\/salud.campeche.gob.mx\/wp-content\/uploads\/2022\/12\/fondorojo-1.jpg\u00bb width=\u00bb100%\u00bb max_width=\u00bb100%\u00bb min_height=\u00bb20%\u00bb height=\u00bb18%\u00bb max_height=\u00bb20%\u00bb custom_margin=\u00bb||0px||false|false\u00bb custom_padding=\u00bb||0px|||\u00bb][et_pb_row _builder_version=\u00bb4.5.0&#8243; _module_preset=\u00bbdefault\u00bb max_width=\u00bb100%\u00bb][et_pb_column type=\u00bb4_4&#8243; _builder_version=\u00bb4.5.0&#8243; _module_preset=\u00bbdefault\u00bb][et_pb_blurb title=\u00bbServicio Social en Medicina\u00bb image=\u00bbhttps:\/\/salud.campeche.gob.mx\/wp-content\/uploads\/2023\/03\/CALIDAD-BLANCOICONO.png\u00bb image_max_width=\u00bb3em\u00bb content_max_width=\u00bb21em\u00bb font_icon_tablet=\u00bb\u00bb font_icon_phone=\u00bb\u00bb font_icon_last_edited=\u00bbon|desktop\u00bb _builder_version=\u00bb4.5.0&#8243; _module_preset=\u00bbdefault\u00bb header_font=\u00bb|700|||||||\u00bb header_text_align=\u00bbcenter\u00bb header_font_size=\u00bb2em\u00bb header_line_height=\u00bb2em\u00bb body_text_align=\u00bbcenter\u00bb body_text_color=\u00bbrgba(0,0,0,0)\u00bb body_font_size=\u00bb1.5em\u00bb body_line_height=\u00bb1.8em\u00bb text_orientation=\u00bbcenter\u00bb width=\u00bb100%\u00bb module_alignment=\u00bbright\u00bb min_height=\u00bb170.6px\u00bb custom_padding=\u00bb0px|||||\u00bb hover_enabled=\u00bb0&#8243; font_icon__hover_enabled=\u00bbon|desktop\u00bb header_text_color=\u00bb#ffffff\u00bb][\/et_pb_blurb][\/et_pb_column][\/et_pb_row][\/et_pb_section][et_pb_section fb_built=\u00bb1&#8243; _builder_version=\u00bb4.5.0&#8243; _module_preset=\u00bbdefault\u00bb custom_margin=\u00bb||4%||false|false\u00bb custom_padding=\u00bb0px||0px|18px|false|false\u00bb][et_pb_row _builder_version=\u00bb4.5.0&#8243; _module_preset=\u00bbdefault\u00bb max_width=\u00bb80%\u00bb [&hellip;]<\/p>\n","protected":false},"author":2,"featured_media":0,"parent":0,"menu_order":0,"comment_status":"closed","ping_status":"closed","template":"","meta":{"_et_pb_use_builder":"on","_et_pb_old_content":"","_et_gb_content_width":"","footnotes":""},"class_list":["post-1396","page","type-page","status-publish","hentry"],"acf":[],"jetpack_sharing_enabled":true,"_links":{"self":[{"href":"https:\/\/salud.campeche.gob.mx\/index.php?rest_route=\/wp\/v2\/pages\/1396","targetHints":{"allow":["GET"]}}],"collection":[{"href":"https:\/\/salud.campeche.gob.mx\/index.php?rest_route=\/wp\/v2\/pages"}],"about":[{"href":"https:\/\/salud.campeche.gob.mx\/index.php?rest_route=\/wp\/v2\/types\/page"}],"author":[{"embeddable":true,"href":"https:\/\/salud.campeche.gob.mx\/index.php?rest_route=\/wp\/v2\/users\/2"}],"replies":[{"embeddable":true,"href":"https:\/\/salud.campeche.gob.mx\/index.php?rest_route=%2Fwp%2Fv2%2Fcomments&post=1396"}],"version-history":[{"count":4,"href":"https:\/\/salud.campeche.gob.mx\/index.php?rest_route=\/wp\/v2\/pages\/1396\/revisions"}],"predecessor-version":[{"id":1680,"href":"https:\/\/salud.campeche.gob.mx\/index.php?rest_route=\/wp\/v2\/pages\/1396\/revisions\/1680"}],"wp:attachment":[{"href":"https:\/\/salud.campeche.gob.mx\/index.php?rest_route=%2Fwp%2Fv2%2Fmedia&parent=1396"}],"curies":[{"name":"wp","href":"https:\/\/api.w.org\/{rel}","templated":true}]}}