{"id":1505,"date":"2023-04-03T19:21:10","date_gmt":"2023-04-03T19:21:10","guid":{"rendered":"https:\/\/salud.campeche.gob.mx\/?page_id=1505"},"modified":"2023-04-04T21:03:41","modified_gmt":"2023-04-04T21:03:41","slug":"laboratorio-estatal-2","status":"publish","type":"page","link":"https:\/\/salud.campeche.gob.mx\/?page_id=1505","title":{"rendered":"Laboratorio Estatal"},"content":{"rendered":"<p>[et_pb_section fb_built=\u00bb1&#8243; _builder_version=\u00bb4.5.0&#8243; _module_preset=\u00bbdefault\u00bb background_color=\u00bb#91293a\u00bb background_image=\u00bbhttps:\/\/salud.campeche.gob.mx\/wp-content\/uploads\/2022\/12\/fondorojo-1.jpg\u00bb width=\u00bb100%\u00bb max_width=\u00bb100%\u00bb min_height=\u00bb20%\u00bb height=\u00bb18%\u00bb max_height=\u00bb20%\u00bb custom_margin=\u00bb||0px||false|false\u00bb custom_padding=\u00bb1px||0px|||\u00bb][et_pb_row _builder_version=\u00bb4.5.0&#8243; _module_preset=\u00bbdefault\u00bb max_width=\u00bb100%\u00bb min_height=\u00bb11em\u00bb max_height=\u00bb27em\u00bb custom_padding=\u00bb||4px|||\u00bb][et_pb_column type=\u00bb4_4&#8243; _builder_version=\u00bb4.5.0&#8243; _module_preset=\u00bbdefault\u00bb][et_pb_blurb title=\u00bbLaboratorio Estatal de Salud P\u00fablica\u00bb image=\u00bbhttps:\/\/salud.campeche.gob.mx\/wp-content\/uploads\/2023\/04\/labotorioblanco1.png\u00bb image_max_width=\u00bb5em\u00bb content_max_width=\u00bb25em\u00bb font_icon_tablet=\u00bb\u00bb font_icon_phone=\u00bb\u00bb font_icon_last_edited=\u00bbon|desktop\u00bb _builder_version=\u00bb4.5.0&#8243; _module_preset=\u00bbdefault\u00bb header_font=\u00bb|700|||||||\u00bb header_text_align=\u00bbcenter\u00bb header_font_size=\u00bb2em\u00bb header_line_height=\u00bb1.4em\u00bb body_text_align=\u00bbcenter\u00bb body_text_color=\u00bbrgba(0,0,0,0)\u00bb body_font_size=\u00bb1.5em\u00bb body_line_height=\u00bb1.8em\u00bb text_orientation=\u00bbcenter\u00bb width=\u00bb100%\u00bb module_alignment=\u00bbright\u00bb hover_enabled=\u00bb0&#8243; header_text_shadow_style=\u00bbpreset1&#8243; font_icon__hover_enabled=\u00bbon|desktop\u00bb header_text_color=\u00bb#ffffff\u00bb][\/et_pb_blurb][\/et_pb_column][\/et_pb_row][\/et_pb_section][et_pb_section fb_built=\u00bb1&#8243; _builder_version=\u00bb4.5.0&#8243; _module_preset=\u00bbdefault\u00bb custom_margin=\u00bb||auto||false|false\u00bb custom_padding=\u00bb0px|0px|0px||false|false\u00bb][et_pb_row column_structure=\u00bb1_2,1_2&#8243; _builder_version=\u00bb4.5.0&#8243; _module_preset=\u00bbdefault\u00bb max_width=\u00bb80%\u00bb min_height=\u00bb100%\u00bb custom_margin=\u00bb|auto|auto|auto|false|false\u00bb custom_padding=\u00bb||0px||false|false\u00bb][et_pb_column type=\u00bb1_2&#8243; _builder_version=\u00bb4.5.0&#8243; _module_preset=\u00bbdefault\u00bb][et_pb_blurb title=\u00bbMisi\u00f3n\u00bb content_max_width=\u00bb100%\u00bb _builder_version=\u00bb4.5.0&#8243; _module_preset=\u00bbdefault\u00bb header_font=\u00bb|700|||||||\u00bb header_text_align=\u00bbleft\u00bb header_text_color=\u00bb#9F2241&#8243; header_font_size=\u00bb2em\u00bb body_text_align=\u00bbleft\u00bb custom_margin=\u00bb||auto||false|false\u00bb custom_padding=\u00bb2px|||||\u00bb][\/et_pb_blurb][et_pb_text _builder_version=\u00bb4.5.0&#8243; _module_preset=\u00bbdefault\u00bb text_text_color=\u00bb#000000&#8243; text_font_size=\u00bb1em\u00bb text_orientation=\u00bbjustified\u00bb min_height=\u00bb5em\u00bb height=\u00bb15em\u00bb custom_margin=\u00bb||auto||false|false\u00bb custom_padding=\u00bb||1em||false|false\u00bb]<\/p>\n<p>Generar resultados confiables y oportunos, as\u00ed como formar recursos humanos con la competencia t\u00e9cnica <span>y comprometidos con el Sistema Integral de Gesti\u00f3n, buscando la mejora continua de los procesos, aportando informaci\u00f3n que apoyen las estrategias y acciones de los programas de Vigilancia Epidemiol\u00f3gica y Protecci\u00f3n Contra Riesgos Sanitarios, para la promoci\u00f3n y prevenci\u00f3n de la Salud de la poblaci\u00f3n del Estado de Campeche.<\/span><\/p>\n<p>&nbsp;<\/p>\n<p>[\/et_pb_text][et_pb_divider divider_weight=\u00bb0.2em\u00bb _builder_version=\u00bb4.5.0&#8243; _module_preset=\u00bbdefault\u00bb max_width=\u00bb100%\u00bb module_alignment=\u00bbcenter\u00bb min_height=\u00bb0px\u00bb custom_margin=\u00bb||0%||false|false\u00bb][\/et_pb_divider][\/et_pb_column][et_pb_column type=\u00bb1_2&#8243; _builder_version=\u00bb4.5.0&#8243; _module_preset=\u00bbdefault\u00bb][et_pb_blurb title=\u00bbVisi\u00f3n\u00bb content_max_width=\u00bb100%\u00bb _builder_version=\u00bb4.5.0&#8243; _module_preset=\u00bbdefault\u00bb header_font=\u00bb|700|||||||\u00bb header_text_align=\u00bbleft\u00bb header_text_color=\u00bb#9F2241&#8243; header_font_size=\u00bb2em\u00bb body_text_align=\u00bbleft\u00bb custom_margin=\u00bb||auto||false|false\u00bb custom_padding=\u00bb2px|||||\u00bb][\/et_pb_blurb][et_pb_text _builder_version=\u00bb4.5.0&#8243; _module_preset=\u00bbdefault\u00bb text_text_color=\u00bb#000000&#8243; text_font_size=\u00bb1em\u00bb text_orientation=\u00bbjustified\u00bb height=\u00bb15em\u00bb custom_margin=\u00bb||auto||false|false\u00bb custom_padding=\u00bb||1em||false|false\u00bb]<\/p>\n<p><span>Ser un Laboratorio de Referencia en el Estado reconocidos a nivel Nacional por los organismos rectores y usuarios, por medio de certificaciones y autorizaciones, innovando en el desarrollo de t\u00e9cnicas de Laboratorio, con personal altamente competitivo y comprometidos con el Sistema Integral de Gesti\u00f3n<\/span><\/p>\n<p>&nbsp;<\/p>\n<p>[\/et_pb_text][et_pb_divider divider_weight=\u00bb0.2em\u00bb _builder_version=\u00bb4.5.0&#8243; _module_preset=\u00bbdefault\u00bb max_width=\u00bb100%\u00bb module_alignment=\u00bbcenter\u00bb custom_margin=\u00bb||0%||false|false\u00bb][\/et_pb_divider][\/et_pb_column][\/et_pb_row][\/et_pb_section][et_pb_section fb_built=\u00bb1&#8243; _builder_version=\u00bb4.5.0&#8243; _module_preset=\u00bbdefault\u00bb custom_margin=\u00bb||auto||false|false\u00bb custom_padding=\u00bb0px||0px||false|false\u00bb][et_pb_row _builder_version=\u00bb4.5.0&#8243; _module_preset=\u00bbdefault\u00bb max_width=\u00bb80%\u00bb min_height=\u00bb100%\u00bb custom_margin=\u00bb|auto|auto|auto|false|false\u00bb custom_padding=\u00bb3px||||false|false\u00bb][et_pb_column type=\u00bb4_4&#8243; _builder_version=\u00bb4.5.0&#8243; _module_preset=\u00bbdefault\u00bb][et_pb_blurb title=\u00bbPol\u00edtica General\u00bb content_max_width=\u00bb100%\u00bb _builder_version=\u00bb4.5.0&#8243; _module_preset=\u00bbdefault\u00bb header_font=\u00bb|700|||||||\u00bb header_text_align=\u00bbleft\u00bb header_text_color=\u00bb#9F2241&#8243; header_font_size=\u00bb2em\u00bb body_text_align=\u00bbleft\u00bb custom_margin=\u00bb-5px||auto||false|false\u00bb custom_padding=\u00bb2px|||||\u00bb][\/et_pb_blurb][et_pb_text _builder_version=\u00bb4.5.0&#8243; _module_preset=\u00bbdefault\u00bb text_text_color=\u00bb#000000&#8243; text_font_size=\u00bb1em\u00bb text_orientation=\u00bbjustified\u00bb custom_margin=\u00bb||auto||false|false\u00bb custom_padding=\u00bb||1em||false|false\u00bb]<\/p>\n<p>El Laboratorio Estatal de Salud P\u00fablica proporciona resultados anal\u00edticos confiables y oportunos mediante metodolog\u00edas verificadas, con recursos humanos capacitados que apoyan las estrategias y acciones de los programas de Vigilancia Epidemiol\u00f3gica y Protecci\u00f3n Contra Riesgos Sanitarios, cumpliendo los requisitos de las normas: NMX-9001, NMX-15189, NMX-17025 e ISO 35001 vigentes, y los requisitos legales y reglamentarios correspondientes al medio ambiente, bioseguridad, biocustodia, seguridad y salud en el trabajo en todas nuestras actividades, mediante la evaluaci\u00f3n y mitigaci\u00f3n de los riesgos biol\u00f3gicos, laborales y su impacto ambiental, comprometidos con la mejora continua de nuestro Sistema Integral de Gesti\u00f3n.<\/p>\n<p>[\/et_pb_text][et_pb_divider divider_weight=\u00bb0.2em\u00bb _builder_version=\u00bb4.5.0&#8243; _module_preset=\u00bbdefault\u00bb max_width=\u00bb100%\u00bb module_alignment=\u00bbcenter\u00bb custom_margin=\u00bb||0%||false|false\u00bb][\/et_pb_divider][et_pb_blurb title=\u00bbValores\u00bb content_max_width=\u00bb100%\u00bb _builder_version=\u00bb4.5.0&#8243; _module_preset=\u00bbdefault\u00bb header_font=\u00bb|700|||||||\u00bb header_text_align=\u00bbleft\u00bb header_text_color=\u00bb#9F2241&#8243; header_font_size=\u00bb2em\u00bb body_text_align=\u00bbleft\u00bb custom_margin=\u00bb||auto||false|false\u00bb custom_padding=\u00bb2px|||||\u00bb][\/et_pb_blurb][et_pb_text _builder_version=\u00bb4.5.0&#8243; _module_preset=\u00bbdefault\u00bb text_text_color=\u00bb#000000&#8243; text_font_size=\u00bb1em\u00bb text_orientation=\u00bbjustified\u00bb custom_margin=\u00bb||auto||false|false\u00bb custom_padding=\u00bb||1em||false|false\u00bb]<\/p>\n<p><span>El personal del Laboratorio Estatal de Salud P\u00fablica mantiene los siguientes valores, determinados para las actividades desarrolladas dentro del Laboratorio:<\/span><\/p>\n<p><strong>Respeto<\/strong><\/p>\n<p><span>Otorgar trato digno y cordial a las personas en general y a sus compa\u00f1eros de trabajo, superiores y subordinados, considerando sus derechos, de tal manera propiciar un dialogo cortes y la aplicaci\u00f3n arm\u00f3nica de instrumentos que conduzcan al entendimiento.<\/span><\/p>\n<p><span>Respeto a los derechos humanos Respetar los derechos humanos, y en el \u00e1mbito de competencia y atribuciones, garantizar y proteger de conformidad los principios de universalidad, indivisibilidad y progresividad.<\/span><\/p>\n<p><strong>Igualdad y no discriminaci\u00f3n<\/strong><\/p>\n<p><span>Prestar los servicios a todas las personas sin distinci\u00f3n, exclusi\u00f3n, restricci\u00f3n o preferencia basada en el origen \u00e9tnico o nacionalidad, color de piel, la cultura, el sexo, genero, edad, las discapacidades, condiciones sociales, econ\u00f3micos, de salud, o jur\u00eddica, la religi\u00f3n, la apariencia f\u00edsica, caracter\u00edsticas gen\u00e9ticas, embarazo, estado civil, situaci\u00f3n familiar, idioma o cualquier otro motivo.<\/span><\/p>\n<p><strong>Entorno cultural y ecol\u00f3gico<\/strong><\/p>\n<p><span>Evitar la afectaci\u00f3n del patrimonio cultural y de los ecosistemas del planeta en el desarrollo de actividades, promover la protecci\u00f3n y conservaci\u00f3n de la cultura y el medio ambiente.<\/span><\/p>\n<p><strong>Integridad<\/strong><\/p>\n<p><span>Actuar siempre de manera congruente con los principios que se deben observar en el desempe\u00f1o de su cargo, comisi\u00f3n o funci\u00f3n, convencidos en el compromiso de ajustar su conducta para que impere en su desempe\u00f1o una \u00e9tica que responda al inter\u00e9s p\u00fablico y generen certeza plena de su conducta frente a todas las personas con las que se vincule u observen su actuar.<\/span><\/p>\n<p><strong>Cooperaci\u00f3n<\/strong><\/p>\n<p><span>El personal del laboratorio colaborar entre si y propician el trabajo en equipo para alcanzar los objetivos comunes previstos en los planes y programas, generando as\u00ed una plena vocaci\u00f3n de servicio en beneficio de la colectividad y la confianza de nuestros clientes en nuestro laboratorio.<\/span><\/p>\n<p><strong>Liderazgo<\/strong><\/p>\n<p><span>Los trabajadores del Laboratorio Estatal de Salud P\u00fablica son gu\u00eda, ejemplo y promotores del c\u00f3digo de \u00e9tica y la regla de integridad, fomentan y aplican en el desempe\u00f1o de sus funciones los principios que la constituci\u00f3n y la ley nos imponen, as\u00ed como los valores adicionales que por su importancia son intr\u00ednsecos a la funci\u00f3n p\u00fablica.<\/span><\/p>\n<p>[\/et_pb_text][et_pb_blurb title=\u00bbContacto\u00bb content_max_width=\u00bb100%\u00bb _builder_version=\u00bb4.5.0&#8243; _module_preset=\u00bbdefault\u00bb header_font=\u00bb|700|||||||\u00bb header_text_align=\u00bbleft\u00bb header_text_color=\u00bb#9F2241&#8243; header_font_size=\u00bb2em\u00bb body_text_align=\u00bbleft\u00bb custom_margin=\u00bb||-1px|||\u00bb][\/et_pb_blurb][et_pb_text _builder_version=\u00bb4.5.0&#8243; _module_preset=\u00bbdefault\u00bb text_text_color=\u00bb#000000&#8243; text_font_size=\u00bb1em\u00bb text_orientation=\u00bbjustified\u00bb custom_margin=\u00bb||auto||false|false\u00bb custom_padding=\u00bb||0em||false|false\u00bb]<\/p>\n<p>&nbsp;<\/p>\n<p><span>QFB. Raquel Alejandra Castillo Rodr\u00edguez<\/span><\/p>\n<p><span>Directora Laboratorio Estatal de Salud P\u00fablica del Estado de Campeche<\/span><\/p>\n<p><span>Tel: 981 6 11 85 y 981 6 11 86<\/span><\/p>\n<p><span>Correo electr\u00f3nico: <a href=\"mailto:lespd9@gmail.com\">lespd9@gmail.com<\/a><\/span><\/p>\n<p><span>\u00a0\u00a0\u00a0\u00a0\u00a0\u00a0\u00a0\u00a0\u00a0\u00a0\u00a0\u00a0\u00a0\u00a0\u00a0\u00a0\u00a0\u00a0\u00a0\u00a0\u00a0\u00a0\u00a0\u00a0\u00a0\u00a0\u00a0\u00a0\u00a0\u00a0 <a href=\"mailto:raquel.castillo@salud.gob.mx\">raquel.castillo@salud.gob.mx<\/a><\/span><\/p>\n<p><span>LAE. Oscar Humberto Mex May<\/span><\/p>\n<p><span>Administrador Laboratorio Estatal de Salud P\u00fablica del Estado de Campeche<\/span><\/p>\n<p><span>Tel: 981 6 11 85 y 981 6 11 86<\/span><\/p>\n<p><span>Correo electr\u00f3nico: <a href=\"mailto:lespcampeche21@hotmail.com\">lespcampeche21@hotmail.com<\/a><\/span><\/p>\n<p><span>QFB. Jorge Alberto Cach Rivero<\/span><\/p>\n<p><span>Coordinador de Control de Muestras y Servicios de Vigilancia<\/span><\/p>\n<p><span>Tel: 981 6 11 85 y 981 6 11 86 <\/span><\/p>\n<p><span>Correo electr\u00f3nico: <a href=\"mailto:jorge.cach@salud.gob.mx\">jorge.cach@salud.gob.mx<\/a><\/span><\/p>\n<p>\u00a0\u00a0\u00a0\u00a0\u00a0\u00a0\u00a0\u00a0\u00a0\u00a0\u00a0\u00a0\u00a0\u00a0\u00a0\u00a0\u00a0\u00a0\u00a0\u00a0\u00a0\u00a0\u00a0\u00a0\u00a0\u00a0\u00a0\u00a0\u00a0\u00a0\u00a0 <a href=\"mailto:jcach2003@hotmail.com\">jcach2003@hotmail.com<\/a><\/p>\n<p>[\/et_pb_text][\/et_pb_column][\/et_pb_row][et_pb_row _builder_version=\u00bb4.5.0&#8243; _module_preset=\u00bbdefault\u00bb width=\u00bb50%\u00bb max_width=\u00bb80%\u00bb module_alignment=\u00bbcenter\u00bb custom_margin=\u00bb-25px|auto||auto||\u00bb custom_padding=\u00bb2px|||||\u00bb locked=\u00bboff\u00bb][et_pb_column type=\u00bb4_4&#8243; _builder_version=\u00bb4.5.0&#8243; _module_preset=\u00bbdefault\u00bb][et_pb_blurb title=\u00bbDirecci\u00f3n\u00bb use_icon=\u00bbon\u00bb icon_alignment=\u00bbleft\u00bb content_max_width=\u00bb20em\u00bb _builder_version=\u00bb4.5.0&#8243; _module_preset=\u00bbdefault\u00bb header_font=\u00bb|700|||||||\u00bb header_text_color=\u00bb#ffffff\u00bb body_text_color=\u00bb#ffffff\u00bb background_color=\u00bb#9F2241&#8243; width=\u00bb23em\u00bb max_width=\u00bb30em\u00bb module_alignment=\u00bbcenter\u00bb min_height=\u00bb20em\u00bb height=\u00bb25em\u00bb max_height=\u00bb40em\u00bb custom_margin=\u00bb0px||||false|false\u00bb custom_padding=\u00bb3em|3em|3em|3em|false|false\u00bb]<\/p>\n<p><strong>Direcci\u00f3n<\/strong>:<span>Calle Fiel Jurado Por Castillo Oliver, Manzana 1 lotes 4 y 5 , Secci\u00f3n Fundadores de Ah-Kin-Pech, CP. 24010<\/span><\/p>\n<p><strong>Horario<\/strong>: Lunes a Viernes de 7:00 a 14:30 hrs<\/p>\n<p><strong>Tel:\u00a0<\/strong><\/p>\n<p>[\/et_pb_blurb][\/et_pb_column][\/et_pb_row][\/et_pb_section]<\/p>\n","protected":false},"excerpt":{"rendered":"<p>[et_pb_section fb_built=\u00bb1&#8243; _builder_version=\u00bb4.5.0&#8243; _module_preset=\u00bbdefault\u00bb background_color=\u00bb#91293a\u00bb background_image=\u00bbhttps:\/\/salud.campeche.gob.mx\/wp-content\/uploads\/2022\/12\/fondorojo-1.jpg\u00bb width=\u00bb100%\u00bb max_width=\u00bb100%\u00bb min_height=\u00bb20%\u00bb height=\u00bb18%\u00bb max_height=\u00bb20%\u00bb custom_margin=\u00bb||0px||false|false\u00bb custom_padding=\u00bb1px||0px|||\u00bb][et_pb_row _builder_version=\u00bb4.5.0&#8243; _module_preset=\u00bbdefault\u00bb max_width=\u00bb100%\u00bb min_height=\u00bb11em\u00bb max_height=\u00bb27em\u00bb custom_padding=\u00bb||4px|||\u00bb][et_pb_column type=\u00bb4_4&#8243; _builder_version=\u00bb4.5.0&#8243; _module_preset=\u00bbdefault\u00bb][et_pb_blurb title=\u00bbLaboratorio Estatal de Salud P\u00fablica\u00bb image=\u00bbhttps:\/\/salud.campeche.gob.mx\/wp-content\/uploads\/2023\/04\/labotorioblanco1.png\u00bb image_max_width=\u00bb5em\u00bb content_max_width=\u00bb25em\u00bb font_icon_tablet=\u00bb\u00bb font_icon_phone=\u00bb\u00bb font_icon_last_edited=\u00bbon|desktop\u00bb _builder_version=\u00bb4.5.0&#8243; _module_preset=\u00bbdefault\u00bb header_font=\u00bb|700|||||||\u00bb header_text_align=\u00bbcenter\u00bb header_font_size=\u00bb2em\u00bb header_line_height=\u00bb1.4em\u00bb body_text_align=\u00bbcenter\u00bb body_text_color=\u00bbrgba(0,0,0,0)\u00bb body_font_size=\u00bb1.5em\u00bb body_line_height=\u00bb1.8em\u00bb text_orientation=\u00bbcenter\u00bb width=\u00bb100%\u00bb module_alignment=\u00bbright\u00bb hover_enabled=\u00bb0&#8243; header_text_shadow_style=\u00bbpreset1&#8243; font_icon__hover_enabled=\u00bbon|desktop\u00bb header_text_color=\u00bb#ffffff\u00bb][\/et_pb_blurb][\/et_pb_column][\/et_pb_row][\/et_pb_section][et_pb_section fb_built=\u00bb1&#8243; _builder_version=\u00bb4.5.0&#8243; _module_preset=\u00bbdefault\u00bb custom_margin=\u00bb||auto||false|false\u00bb custom_padding=\u00bb0px|0px|0px||false|false\u00bb][et_pb_row [&hellip;]<\/p>\n","protected":false},"author":2,"featured_media":0,"parent":0,"menu_order":0,"comment_status":"closed","ping_status":"closed","template":"","meta":{"_et_pb_use_builder":"on","_et_pb_old_content":"","_et_gb_content_width":"","footnotes":""},"class_list":["post-1505","page","type-page","status-publish","hentry"],"acf":[],"jetpack_sharing_enabled":true,"_links":{"self":[{"href":"https:\/\/salud.campeche.gob.mx\/index.php?rest_route=\/wp\/v2\/pages\/1505","targetHints":{"allow":["GET"]}}],"collection":[{"href":"https:\/\/salud.campeche.gob.mx\/index.php?rest_route=\/wp\/v2\/pages"}],"about":[{"href":"https:\/\/salud.campeche.gob.mx\/index.php?rest_route=\/wp\/v2\/types\/page"}],"author":[{"embeddable":true,"href":"https:\/\/salud.campeche.gob.mx\/index.php?rest_route=\/wp\/v2\/users\/2"}],"replies":[{"embeddable":true,"href":"https:\/\/salud.campeche.gob.mx\/index.php?rest_route=%2Fwp%2Fv2%2Fcomments&post=1505"}],"version-history":[{"count":5,"href":"https:\/\/salud.campeche.gob.mx\/index.php?rest_route=\/wp\/v2\/pages\/1505\/revisions"}],"predecessor-version":[{"id":1674,"href":"https:\/\/salud.campeche.gob.mx\/index.php?rest_route=\/wp\/v2\/pages\/1505\/revisions\/1674"}],"wp:attachment":[{"href":"https:\/\/salud.campeche.gob.mx\/index.php?rest_route=%2Fwp%2Fv2%2Fmedia&parent=1505"}],"curies":[{"name":"wp","href":"https:\/\/api.w.org\/{rel}","templated":true}]}}